145
Convert 525421 (base 6) to base 15.
c9c4
Convert 202122100 (base 3) to base 16.
3ac8
What is -e5d (base 15) in base 11?
-2484
-1125 (base 12) to base 10
-1901
-a44 (base 13) to base 11
-1348
Convert -253 (base 13) to base 7.
-1120
-11b (base 15) to base 16
-fb
54276 (base 10) to base 13
1b921
What is a68 (base 16) in base 2?
101001101000
Convert -299 (base 10) to base 3.
-102002
What is 111010 (base 2) in base 8?
72
Convert -8682 (base 11) to base 7.
-45265
What is -418 (base 13) in base 11?
-584
What is -9e7 (base 15) in base 6?
-14214
-c05 (base 16) to base 7
-11654
Convert -195d (base 14) to base 12.
-27a7
Convert 392 (base 10) to base 4.
12020
What is -1008 (base 9) in base 12?
-515
-2222 (base 12) to base 9
-5148
1c0a (base 14) to base 10
5106
Convert 2444133 (base 5) to base 2.
1011011011001001
10768 (base 13) to base 10
29830
Convert -1110010111 (base 2) to base 13.
-559
Convert -20330 (base 8) to base 6.
-102532
Convert 53177 (base 8) to base 2.
101011001111111
30423 (base 11) to base 14
1229a
-3015 (base 7) to base 15
-496
Convert -6589 (base 12) to base 3.
-120100120
What is -198a5 (base 12) in base 4?
-21022331
What is -12111 (base 4) in base 3?
-120000
What is -1101101101010010 (base 2) in base 10?
-56146
-1222 (base 5) to base 12
-137
-5171 (base 8) to base 10
-2681
Convert 401 (base 11) to base 5.
3420
Convert 924a (base 11) to base 4.
2333303
-5415 (base 6) to base 3
-1200202
What is d9e (base 15) in base 14?
1198
-100110111110100 (base 2) to base 11
-13aa2
Convert 310404 (base 5) to base 16.
2778
Convert -1013024 (base 5) to base 16.
-40ff
Convert 1746 (base 11) to base 13.
1025
a92 (base 15) to base 13
1118
Convert -171ab (base 13) to base 15.
-d1a0
What is -a1a0 (base 15) in base 12?
-178b9
Convert 11510 (base 6) to base 15.
783
629 (base 14) to base 9
1587
What is 411 (base 8) in base 3?
100211
What is -340 (base 13) in base 11?
-469
Convert 101101010 (base 2) to base 7.
1025
What is 6222 (base 7) in base 2?
100001111100
Convert 1064 (base 14) to base 8.
5420
Convert 2231131 (base 4) to base 14.
408d
603 (base 12) to base 14
45d
Convert 10111020 (base 3) to base 16.
9f0
What is 11231 (base 4) in base 6?
1405
What is 56301 (base 7) in base 3?
201111100
3748 (base 11) to base 5
124032
Convert 13b (base 12) to base 9.
232
-21413 (base 9) to base 14
-5255
What is -20457 (base 9) in base 16?
-34ba
Convert 1111101000001010 (base 2) to base 8.
175012
What is -459 (base 14) in base 2?
-1101011111
Convert 240 (base 7) to base 4.
1332
What is 13861 (base 9) in base 16?
24eb
What is 830 (base 10) in base 2?
1100111110
What is -905 (base 10) in base 16?
-389
What is -4b1 (base 16) in base 3?
-1122111
-1205 (base 7) to base 8
-676
Convert 139 (base 16) to base 7.
625
-32200 (base 5) to base 13
-cb4
18428 (base 9) to base 4
3013013
Convert 9484 (base 10) to base 15.
2c24
What is 24d5 (base 15) in base 10?
7850
-1345132 (base 6) to base 16
-12a10
871 (base 12) to base 3
1200211
-6875 (base 12) to base 5
-332414
What is 2303340 (base 5) in base 8?
120207
-3c93 (base 13) to base 12
-5083
What is 1230130 (base 4) in base 5?
210230
11270 (base 8) to base 14
1a64
Convert 141 (base 7) to base 2.
1001110
Convert ca (base 13) to base 14.
bc
What is 3133200 (base 4) in base 5?
424204
Convert 305 (base 7) to base 10.
152
Convert -452 (base 10) to base 13.
-28a
Convert -2520 (base 6) to base 15.
-2b9
What is 224244 (base 5) in base 2?
1111110001010
-510 (base 8) to base 14
-196
What is 1034 (base 9) in base 12?
534
What is 27104 (base 9) in base 5?
1041220
What is -24606 (base 8) in base 2?
-10100110000110
31414 (base 5) to base 9
2803
-a84 (base 11) to base 15
-5bc
What is c1 (base 15) in base 5?
1211
Convert 1363b (base 12) to base 15.
7e3b
Convert -1970a (base 12) to base 8.
-110672
502 (base 16) to base 13
778
21103 (base 5) to base 16
57b
421535 (base 6) to base 2
1000010101000011
-129 (base 15) to base 10
-264
Convert -422 (base 10) to base 16.
-1a6
What is 6677 (base 10) in base 8?
15025
968 (base 16) to base 5
34113
-14234 (base 7) to base 10
-3896
-2c6 (base 13) to base 4
-13310
-5139 (base 12) to base 5
-240304
2b84 (base 13) to base 3
22201121
What is d65 (base 15) in base 13?
14b4
-3244 (base 5) to base 10
-449
120453 (base 8) to base 14
11071
What is -1021012 (base 3) in base 7?
-2456
Convert -324 (base 12) to base 6.
-2044
What is -1335 (base 8) in base 7?
-2065
What is 1484 (base 16) in base 12?
3058
What is 203230 (base 4) in base 10?
2284
Convert 2530 (base 6) to base 11.
523
Convert -5225 (base 11) to base 3.
-100111110
-232020 (base 5) to base 4
-2003001
Convert 2030 (base 4) to base 15.
95
72216 (base 9) to base 10
47562
106b (base 14) to base 11
2151
Convert -75254 (base 9) to base 3.
-2112021211
-16bb (base 15) to base 9
-6645
Convert -172b (base 14) to base 7.
-15054
Convert 233405 (base 6) to base 9.
30675
2411 (base 8) to base 9
1682
-57531 (base 9) to base 16
-95c5
What is -1213112 (base 4) in base 13?
-301a
48e1 (base 15) to base 16
3c97
13023022 (base 4) to base 11
20095
What is -6767 (base 15) in base 7?
-120625
-33157 (base 8) to base 9
-21103
8b43 (base 14) to base 3
1020011002
1853 (base 15) to base 5
132003
Convert 10220012 (base 3) to base 6.
21052
Convert 21212111 (base 3) to base 4.
1121221
What is 990 (base 12) in base 15?
639
-22133 (base 4) to base 14
-35d
What is -434 (base 6) in base 2?
-10100110
Convert -16636 (base 11) to base 13.
-a855
4a38 (base 11) to base 3
100000112
What is 36233 (base 7) in base 5?
300013
What is 107803 (base 9) in base 2?
1111110100100011
Convert -1b40 (base 13) to base 12.
-2464
What is -4660 (base 7) in base 14?
-8a0
Convert 4337 (base 8) to base 10.
2271
What is -9b0 (base 12) in base 6?
-10340
What is -53786 (base 9) in base 6?
-432553
Convert bc1c (base 15) to base 4.
21232230
200111 (base 3) to base 11
414
1002 (base 4) to base 3
2110
Convert -1212121 (base 3) to base 12.
-95a
Convert ab2f (base 16) to base 3.
2020010002
What is 163607 (base 8) in base 5?
3344041
Convert -457 (base 9) to base 7.
-1045
Convert -10001110010 (base 2) to base 12.
-7aa
Convert -60673 (base 9) to base 13.
-15228
What is 2540 (base 11) in base 7?
12440
Convert 84 (base 13) to base 10.
108
What is -5752 (base 15) in base 10?
-18527
Convert 31770 (base 13) to base 6.
1524430
Convert -bd4 (base 14) to base 15.
-a62
-304443 (base 6) to base 14
-8c43
What is -8400 (base 12) in base 8?
-34100
What is -558 (base 10) in base 5?
-4213
Convert 1 (base 9) to base 15.
1
17905 (base 11) to base 5
1300202
-1a16 (base 13) to base 15
-1256
Convert -29 (base 11) to base 5.
-111
What is 447 (base 13) in base 7?
2100
Convert -35343 (base 10) to base 8.
-105017
What is -2232 (base 14) in base 8?
-13444
Convert -5ca (base 15) to base 7.
-3556
-755 (base 14) to base 11
-10a6
Convert 1000000221 (base 3) to base 2.
100110011111100
What is -2404042 (base 5) in base 4?
-22303300
Convert -15040 (base 7) to base 15.
-1364
Convert -12793 (base 11) to base 2.
-100011101001100
Convert 65151 (base 8) to base 6.
330041
163 (base 7) to base 13
73
10113 (base 4) to base 2
100010111
475 (base 9) to base 13
242
What is -142541 (base 7) in base 8?
-65353
Convert -52150 (base 9) to base 7.
-202155
Convert -232 (base 14) to base 8.
-664
Convert -140412 (base 5) to base 9.
-7768
Convert 36635 (base 10) to base 12.
1924b
What is -76b (base 15) in base 5?
-23201
What is -1169 (base 12) in base 16?
-7a1
263 (base 14) to base 2
111011111
-262 (base 8) to base 14
-ca
Convert 17955 (base 10) to base 6.
215043
Convert -2553 (base 8) to base 13.
-829
Convert 26c (base 16) to base 3.
211222
-967 (base 14) to base 5
-24410
What is 2c41 (base 13) in base 16?
194b
What is 100 (base 10) in base 14?
72
Convert -60782 (base 9) to base 3.
-2000212202
-144434 (base 5) to base 13
-2ac4
-13105 (base 7) to base 2
-110110011100
What is -535 (base 9) in base 2?
-110110101
Convert 1a02 (base 11) to base 13.
1208
3001 (base 5) to base 6
1424
What is 445 (base 12) in base 6?
2525
Convert -317cb (base 13) to base 14.
-24738
What is -3141100 (base 5) in base 15?
-10900
-4424 (base 9) to base 13
-163c
-304 (base 8) to base 9
-237
What is 1b69 (base 12) in base 6?
23413
10231 (base 5) to base 3
221121
What is 41a5 (base 11) in base 9?
7557
Convert -44 (base 11) 